rue
Is 19078472629 a prime number?
False
Is 819278429 a prime number?
True
Is 1230008147 a prime number?
False
Is 18165180041 a composite number?
True
Is 1898463209 a composite number?
True
Is 1615332853 prime?
False
Is 1017325649 prime?
True
Is 371603319 composite?
True
Is 17092521527 composite?
False
Is 508452566 a prime number?
False
Is 14587804897 prime?
True
Is 1336671497 prime?
False
Is 32470586321 a composite number?
False
Is 457124153 prime?
False
Is 137888969 composite?
False
Is 918001211 composite?
False
Is 2071305065 composite?
True
Is 18394295861 a prime number?
True
Is 169885993 composite?
False
Is 372403627489 a prime number?
True
Is 140125367 a prime number?
True
Is 234775732033 a composite number?
True
Is 10648128119 a composite number?
False
Is 249524917 a composite number?
True
Is 1880874901 a prime number?
True
Is 430181467 prime?
True
Is 9845749643 a prime number?
True
Is 9135881 prime?
True
Is 1245062113 composite?
False
Is 15595800791 a prime number?
True
Is 3994583003 a composite number?
True
Is 9518959841 prime?
False
Is 3982302943 composite?
True
Is 10007755949 a prime number?
False
Is 33386594 a composite number?
True
Is 2043253699 a composite number?
False
Is 704698607 composite?
True
Is 3135793222 prime?
False
Is 1578246559 a prime number?
False
Is 2638053677 prime?
False
Is 18628456883 composite?
False
Is 30488441 prime?
False
Is 72197155 prime?
False
Is 729573241 a prime number?
False
Is 1468584011 prime?
True
Is 1584553829 a composite number?
True
Is 42929202209 composite?
True
Is 55868196451 a prime number?
False
Is 24713545859 composite?
False
Is 419374508749 a prime number?
False
Is 345160199 a composite number?
False
Is 543650077 a composite number?
True
Is 32805378709 composite?
True
Is 79163062723 a composite number?
False
Is 2748477413 a composite number?
True
Is 132197077 composite?
True
Is 588230827 a composite number?
False
Is 1320419203 a prime number?
False
Is 3663986329 a composite number?
False
Is 5311907677 a prime number?
True
Is 34573505755 a composite number?
True
Is 282026638 composite?
True
Is 3203112298 composite?
True
Is 34020546431 prime?
True
Is 61671845967 composite?
True
Is 1856397493 a composite number?
True
Is 2539037359 a prime number?
True
Is 8539788489 composite?
True
Is 3402367949 composite?
True
Is 888906547 a composite number?
False
Is 875756291 a composite number?
True
Is 1062404671 a composite number?
True
Is 169117297 prime?
False
Is 61588777 composite?
True
Is 7401668977 composite?
True
Is 31621222331 composite?
False
Is 29238206407 a composite number?
False
Is 4759289891 a composite number?
False
Is 37177482297 a composite number?
True
Is 60595901 a composite number?
True
Is 183580187 composite?
True
Is 6290635397 a composite number?
True
Is 1385527951 prime?
True
Is 15138373 composite?
True
Is 26183937877 a prime number?
True
Is 256988239 prime?
True
Is 1590572315 composite?
True
Is 27736998607 composite?
True
Is 2830776929 composite?
False
Is 416184722 a composite number?
True
Is 3971565107 a prime number?
False
Is 8657927089 a composite number?
True
Is 2605765037 prime?
False
Is 712124137 prime?
False
Is 2930746265 composite?
True
Is 3143650057 a composite number?
False
Is 5308560487 a composite number?
False
Is 1272273187 composite?
False
Is 991444693 composite?
True
Is 15877503241 a prime number?
False
Is 497067653 a composite number?
False
Is 98122142777 composite?
False
Is 22665419341 a composite number?
True
Is 209875232157 a prime number?
False
Is 9808855967 a composite number?
False
Is 127874815951 prime?
False
Is 780331873 a composite number?
True
Is 3699450239 a prime number?
True
Is 1453572451 composite?
True
Is 92409572177 prime?
False
Is 52343508293 a prime number?
True
Is 4170914906 a composite number?
True
Is 667393213 a prime number?
True
Is 85140791 prime?
False
Is 89186324837 composite?
True
Is 8918005429 a prime number?
False
Is 1272217333 a prime number?
False
Is 2668822957 prime?
True
Is 403111453 composite?
False
Is 6943670857 composite?
False
Is 21700277 a composite number?
True
Is 7451394061 a prime number?
False
Is 340276045 prime?
False
Is 7721861503 a prime number?
False
Is 2925772637 composite?
False
Is 38095856549 composite?
False
Is 6961821299 prime?
True
Is 273282485691 prime?
False
Is 16990794463 a composite number?
False
Is 4959374207 composite?
True
Is 99938623559 composite?
False
Is 3349084421 prime?
True
Is 4104686251 prime?
True
Is 145807207531 composite?
False
Is 2347141291 composite?
True
Is 701136809 a prime number?
True
Is 775458346051 composite?
False
Is 15653724733 a composite number?
False
Is 134306212882 a prime number?
False
Is 1221415513 composite?
True
Is 350081863 a prime number?
False
Is 1400552539 composite?
True
Is 418899523 composite?
True
Is 19939170662 a composite number?
True
Is 240288571 prime?
True
Is 97750616141 a prime number?
False
Is 1416868669 composite?
False
Is 10420501199 a prime number?
True
Is 5502434281 prime?
True
Is 10620094391 a composite number?
False
Is 100251782971 a composite number?
True
Is 3299335819 composite?
True
Is 145841159 composite?
False
Is 3282827663 prime?
False
Is 84476617 a prime number?
True
Is 5815588013 a prime number?
True
Is 15341316629 prime?
True
Is 773196269 a prime number?
False
Is 208743319 prime?
True
Is 13520642413 prime?
False
Is 48618609407 prime?
True
Is 652876591 a prime number?
True
Is 1269211711 prime?
False
Is 3253194757 composite?
True
Is 13064804549 a composite number?
False
Is 1497308287 a composite number?
True
Is 38899607059 composite?
True
Is 6134205859 a prime number?
True
Is 29947194257 a prime number?
True
Is 37453826317 a prime number?
False
Is 29651509 prime?
True
Is 1351150079 a composite number?
True
Is 3294805009 a composite number?
True
Is 4769323547 prime?
True
Is 22737663673 a prime number?
False
Is 7137589583 prime?
True
Is 1512836813 prime?
True
Is 11407178269 prime?
True
Is 369927137 composite?
True
Is 4165339319 prime?
True
Is 1187618989 prime?
True
Is 3587944229 composite?
True
Is 10040925187 prime?
True
Is 13357134479 a composite number?
True
Is 9169911341 composite?
False
Is 56528599 a composite number?
True
Is 19077403171 a prime number?
False
Is 35593501961 a prime number?
True
Is 10806713437 a composite number?
True
Is 96287219329 a prime number?
False
Is 497941603 composite?
False
Is 545055571 prime?
True
Is 1198937 a prime number?
False
Is 2280681527 a prime number?
True
Is 1216737509 a composite number?
True
Is 1957465247 prime?
True
Is 10266295271 a prime number?
True
Is 51612433391 prime?
True
Is 1766574773 a composite number?
True
Is 371875747 prime?
True
Is 4213521362 a composite number?
True
Is 28577348402 composite?
True
Is 138830591 composite?
False
Is 2639689259 a composite number?
False
Is 15131801483 prime?
True
Is 1396102133 a prime number?
True
Is 5284413269 a composite number?
False
Is 4927704121 a composite number?
False
Is 20363236534 a composite number?
True
Is 86117253071 a prime number?
True
Is 1311509077 a prime number?
False
Is 26904011 a composite number?
True
Is 310401257 prime?
True
Is 20575475563 a prime number?
False
Is 85862627 composite?
False
Is 5785218217 a composite number?
True
Is 2933835209 prime?
True
Is 43091622611 a composite number?
False
Is 467489819 a composite number?
False
Is 1933307483 prime?
True
Is 1847356571 a composite number?
True
Is 11125532053 composite?
False
Is 171433 composite?
True
Is 5772188231 a prime number?
True
Is 984587437 composite?
False
Is 8860357861 a composite number?
True
Is 193067559002 composite?
True
Is 152142580339 composite?
False
Is 4635829321 a composite number?
False
Is 14017915469 a prime number?
True
Is 610814429 a prime number?
False
Is 11274006463 prime?
True
Is 142508574421 prime?
False
Is 772082197 a prime number?
False
Is 177404701 prime?
True
Is 8340085639 a composite number?
False
Is 66784152601 prime?
True
Is 48809750401 a prime number?
False
Is 4655721539 a prime number?
False
Is 745149169 composite?
False
Is 348051449 prime?
True
Is 5135131063 composite?
False
Is 4243128953 composite?
True
Is 9238637179 prime?
True
Is 415742689 prime?
True
Is 70747453661 composite?
False
Is 15918294239 a composite number?
True
Is 3105337913 prime?
False
Is 53292383 